{"id":23656,"date":"2018-12-19T19:49:17","date_gmt":"2018-12-19T10:49:17","guid":{"rendered":"https:\/\/kinoshitamariko.com\/blog\/?page_id=23656"},"modified":"2025-11-12T20:33:58","modified_gmt":"2025-11-12T11:33:58","slug":"23656-2","status":"publish","type":"page","link":"https:\/\/kinoshitamariko.com\/blog\/23656-2\/","title":{"rendered":"\u30ec\u30b3\u30e1\u30f3\u30c9"},"content":{"rendered":"<p><a class=\"q_button\" href=\"#\">RECOMMENDS<\/a><\/p>\n<p>\u3042\u306a\u305f\u306e\u8868\u73fe\u306f\u3001\u624b\u3068\u5fc3\u3068\u7cbe\u795e\u306e\u9593\u306b\u5b58\u5728\u3059\u308b\u7e4a\u7d30\u306a\u7d50\u3073\u3064\u304d\u3092\u7684\u78ba\u306b\u4f1d\u3048\u3066\u3044\u307e\u3059\u3002<br \/>\n\u305d\u306e\u7d50\u3073\u3064\u304d\u3053\u305d\u3001\u79c1\u305f\u3061\u304c\u65e5\u672c\u306e\u82b8\u8853\u306b\u304a\u3044\u3066\u6df1\u304f\u611f\u9298\u3092\u53d7\u3051\u3066\u3044\u308b\u3082\u306e\u306a\u306e\u3067\u3059\u3002<br \/>\n\u65e5\u672c\u306e\u4f1d\u7d71\u3068\u30d5\u30e9\u30f3\u30b9\u306e\u611f\u6027\u304c\u4ea4\u308f\u308b\u3053\u306e\u51fa\u4f1a\u3044\u306f\u3001\u79c1\u305f\u3061\u304c\u30d5\u30e9\u30f3\u30b9\u9928\u3092\u901a\u3058\u3066\u5b9f\u73fe\u3057\u3088\u3046\u3068\u3057\u305f<br \/>\n\u6587\u5316\u9593\u306e\u5bfe\u8a71\u306e\u529b\u3092\u8c61\u5fb4\u3057\u3066\u3044\u307e\u3059\u3002<br \/>\n\u65e5\u672c\u6587\u5316\u306e\u6df1\u307f\u3092\u79f0\u3048\u308b\u3001\u3042\u306a\u305f\u306e\u4f5c\u54c1\u306e\u8cea\u306e\u9ad8\u3055\u3068\u7e4a\u7d30\u306a\u82b8\u8853\u7684\u30a2\u30d7\u30ed\u30fc\u30c1\u306b\u656c\u610f\u3092\u8868\u3057\u307e\u3059\u3002<br \/>\n\u7a4d\u307f\u91cd\u306d\u3066\u304d\u305f\u6280\u8853\u3068\u5275\u9020\u7684\u306a\u611f\u6027\u3092\u5bfe\u8a71\u3055\u305b\u308b\u3068\u3044\u3046\u3042\u306a\u305f\u306e\u53d6\u308a\u7d44\u307f\u306f\u3001\u6700\u3082\u6ce8\u76ee\u306b\u5024\u3059\u308b\u3082\u306e\u3067\u3059\u3002<br \/>\n<strong>\u5927\u962a\u30fb\u95a2\u897f\u4e07\u535a\u3000\u30d5\u30e9\u30f3\u30b9\u9928 \u7dcf\u76e3\u7763\u3000\u30b8\u30e3\u30c3\u30af\u30fb\u30e1\u30fc\u30eb<\/strong><\/p>\n<p>Vos mots traduisent avec justesse ce lien subtil entre la main,<br \/>\nle c\u0153ur et l\u2019esprit &#8211; un lien que nous admirons profond\u00e9ment dans l\u2019art japonais.<br \/>\nCette rencontre entre la tradition japonaise et la sensibilit\u00e9 fran\u00e7aise illustre, \u00e0 mes yeux,<br \/>\nla force du dialogue des cultures que nous avons cherch\u00e9 \u00e0 faire vivre \u00e0 travers le Pavillon France.<br \/>\nJe tiens \u00e0 saluer la qualit\u00e9 de votre travail et la d\u00e9licatesse de votre approche artistique,<br \/>\nqui rendent hommage \u00e0 la culture japonaise dans toute sa profondeur.<br \/>\nVotre engagement \u00e0 faire dialoguer les arts et les sensibilit\u00e9s m\u00e9rite la plus grande attention.<br \/>\n<strong>Jacques Maire\u3000<\/strong><br \/>\n<strong>Commissaire g\u00e9n\u00e9ral du Pavillon France\u3000<\/strong><strong>Exposition universelle Osaka 2025<\/strong><\/p>\n<p>\u5c11\u5e74\u306e\u9803\u3088\u308a\u79c1\u304c\u5fc3\u306e\u7ce7\u3068\u3057\u3066\u304d\u305f\u8a00\u8449\u3092\u3001\u6728\u4e0b\u771f\u7406\u5b50\u3055\u3093\u306b\u66f8\u3044\u3066\u3044\u305f\u3060\u304d\u307e\u3057\u305f\u3002\u300c\u81ea\u6027\u6e05\u6d44\u5fc3\u300d\u3002\u4ecf\u6559\u306e\u8a00\u8449\u3067\u3001\u4eba\u9593\u304c\u672c\u6765\u6301\u3063\u3066\u751f\u307e\u308c\u305f\u672c\u6027\u306e\u3053\u3068\u3067\u3059\u3002 \u80cc\u7b4b\u3092\u4f38\u3070\u3057\u3001\u606f\u3092\u6b62\u3081\u3001\u4e00\u70b9\u4e00\u753b\u3092\u304a\u308d\u305d\u304b\u306b\u3057\u307e\u3044\u3068\u771f\u3063\u767d\u306a\u7d19\u306b\u5411\u304b\u3063\u3066\u3086\u304f\u66f8\u5bb6\u306e\u59ff\u304c\u76ee\u306b\u6d6e\u304b\u3093\u3067\u304d\u307e\u3059\u3002\u66f8\u306b\u51dd\u56fa\u3055\u308c\u305f\u601d\u3044\u3001\u6c17\u6301\u3061\u304c\u305d\u306e\u307e\u307e\u306b\u4f1d\u308f\u3063\u3066\u6765\u307e\u3057\u305f\u3002<br \/>\n<strong>\u7b2c76\u30fb77\u4ee3 \u5185\u95a3\u7dcf\u7406\u5927\u81e3\u3000\u6850\u82b1\u5927\u7dac\u7ae0\u53d7\u7ae0\u3000\u6d77\u90e8 \u4fca\u6a39<\/strong><\/p>\n<p>\u79c1\u306f\u30e2\u30fc\u30b0\u30eb\u3068\u3044\u3046\u6fc0\u3057\u3044\u7af6\u6280\u3092\u3057\u3066\u3044\u306a\u304c\u3089\u3001\u5fc3\u306b\u306f\u65e5\u672c\u306e\u5973\u6027\u3089\u3057\u3044\u67d4\u3089\u304b\u3055\u3092\u5fd8\u308c\u305f\u304f\u306a\u3044\u3068\u3044\u3064\u3082\u601d\u3063\u3066\u3044\u307e\u3059\u3002\u300c\u79c1\u3089\u3057\u304f\u300d\u3001\u305d\u3046\u6728\u4e0b\u3055\u3093\u306b\u66f8\u3044\u3066\u3044\u305f\u3060\u3044\u305f\u66f8\u306f\u3001\u81ea\u5206\u306e\u5fc3\u306e\u4e2d\u3092\u305d\u306e\u307e\u307e\u8868\u3057\u3066\u304f\u3060\u3055\u3063\u3066\u3044\u308b\u3088\u3046\u306a\u6c17\u304c\u3057\u307e\u3057\u305f\u3002 \u5f37\u3044\u601d\u3044\u3068\u3001\u96ea\u3092\u6ed1\u3063\u3066\u3044\u308b\u3088\u3046\u306a\u6ed1\u3089\u304b\u3055\u3001\u305d\u3057\u3066\u3001\u5973\u6027\u3089\u3057\u3044\u67d4\u3089\u304b\u3055\u3002\u7d20\u6575\u306a\u66f8\u306b\u3057\u3066\u3044\u305f\u3060\u304d\u307e\u3057\u305f\u3002<br \/>\n<strong>\u5973\u5b50\u30e2\u30fc\u30b0\u30eb\u3000\u4e0a\u6751 \u611b\u5b50<\/strong><\/p>\n<p>\u5168\u4f53\u7684\u306a\u69cb\u6210\u30fb\u6587\u5b57\u306e\u6fc3\u6de1\u306e\u30d0\u30e9\u30f3\u30b9\u306a\u3069\u3001\u898b\u308c\u3070\u898b\u308b\u307b\u3069\u611b\u7740\u3092\u611f\u3058\u307e\u3059\u3002\u4f5c\u54c1\u306f\u3001\u4eca\u306e\u6728\u4e0b\u5148\u751f\u306e\u30e9\u30a4\u30d5\u30b9\u30c6\u30fc\u30b8\u3002\u5e74\u9f62\u3092\u91cd\u306d\u308b\u3054\u3068\u306b\u9055\u3063\u305f\u4f5c\u54c1\u306b\u306a\u308b\u3088\u3046\u306a\u6c17\u304c\u3057\u307e\u3059\u3002\u305d\u308c\u3082\u898b\u3066\u307f\u305f\u3044\u3067\u3059\u3002<br \/>\n<strong>\u30e9\u30a4\u30aa\u30f3\u682a\u5f0f\u4f1a\u793e\u3000\u4f1a\u9577 \u85e4\u91cd \u8c9e\u6176<\/strong><\/p>\n<p>\u305d\u308c\u305e\u308c\u306e\u6587\u5b57\u304c\u751f\u304d\u751f\u304d\u3057\u3066\u3001\u529b\u5f37\u304f\u52e2\u3044\u304c\u3042\u308a\u3001\u305d\u306e \u4e00\u65b9\u3067\u5168\u4f53\u304c\u51db\u3068\u3057\u3066\u3044\u3066\u7f8e\u3057\u304f\u8abf\u548c\u3057\u3066\u3044\u308b\u3001\u305d\u3093\u306a\u6728\u4e0b\u3055\u3093\u306e\u4f5c\u54c1\u306b\u6df1\u304f\u611f\u9298\u3044\u305f\u3057\u307e\u3057\u305f\u3002<br \/>\n<strong>\u682a\u5f0f\u4f1a\u793e\u5cf6\u6d25\u88fd\u4f5c\u6240\u3000\u4ee3\u8868\u53d6\u7de0\u5f79\u793e\u9577\u3000\u4e2d\u672c \u6643<\/strong><\/p>\n<p>\u6728\u4e0b\u3055\u3093\u306e\u66f8\u306b\u3088\u308a\u3001\u6539\u3081\u3066\u521d\u5fc3\u306b\u623b\u308a\u3001\u66f4\u306a\u308b\u52c7\u6c17\u3092\u6234\u3044\u305f\u601d\u3044\u304c\u81f4\u3057\u307e\u3059\u3002<br \/>\n<strong>\u682a\u5f0f\u4f1a\u793e\u65e5\u7acb\u88fd\u4f5c\u6240\u3000\u76f8\u8ac7\u5f79\u3000\u5e84\u5c71 \u60a6\u5f66<\/strong><\/p>\n<p>15\u6b73\u306e\u51ac\u3001\u81ea\u5206\u306e\u9053\u3092\u8ff7\u3063\u3066\u3044\u305f\u3068\u304d\u306b\u51fa\u4f1a\u3063\u305f\u4e00\u3064\u306e\u8a00\u8449\u3002\u611f\u52d5\u3068\u5171\u306b\u81ea\u5206\u306b\u5bfe\u3057\u3066\u306e\u6212\u3081\u3001\u305d\u3057\u3066\u5e0c\u671b\u3068\u306a\u308b\u8a00\u8449\u3067\u3057\u305f\u3002\u6599\u7406\u4eba\u751f40\u5e74\u306b\u6e21\u308a\u601d\u3044\u7d9a\u3051\u3066\u304d\u305f\u300c\u3053\u306e\u9053\u3088\u308a\u6211\u3092\u751f\u304b\u3059\u9053\u7121\u3057\u3000\u3053\u306e\u9053\u3092\u6b69\u304f\u300d\u81ea\u5206\u306b\u3068\u3063\u3066\u6599\u7406\u306e\u9053\u3057\u304b\u7121\u3044\u3093\u3060\u3001\u3068\u8a00\u3044\u805e\u304b\u305b\u4eca\u3082\u6b69\u304d\u7d9a\u3051\u308b\u3053\u3068\u304c\u3067\u304d\u307e\u3059\u3002\u7e01\u3042\u3063\u3066\u6728\u4e0b\u3055\u3093\u306b\u3053\u306e\u79c1\u306e\u751f\u6daf\u3092\u901a\u3057\u305f\u30c6\u30fc\u30de\u3092\u66f8\u3044\u3066\u3044\u305f\u3060\u304d\u307e\u3057\u305f\u3002\u3053\u306e\u51db\u3068\u3057\u305f\u66f8\u3092\u898b\u3066\u3044\u308b\u3068\u300c\u3088\u3057\u9811\u5f35\u308d\u3046\u3001\u7a81\u304d\u9032\u3082\u3046\u3001\u6c38\u4e45\u306b\uff01\u300d \u3068\u3044\u3046\u30a8\u30cd\u30eb\u30ae\u30fc\u304c\u6f32\u3063\u3066\u304d\u307e\u3059\u3002<br \/>\n<strong>\u6599\u7406\u5bb6\u3000\u8107\u5c4b\u53cb\u8a5e<\/strong><\/p>\n<p>\u66f8\u306f\u7a7a\u9593\u82b8\u8853\u3067\u3042\u308b\u3001\u3068\u306f\u6728\u4e0b\u3055\u3093\u304b\u3089\u6559\u308f\u3063\u305f\u3053\u3068\u3060\u3002\u58a8\u3068\u4f59\u767d\u306e\u3086\u308b\u304e\u306a\u3044\u7dca\u5f35\u95a2\u4fc2\u3092\u81ea\u5df1\u306e\u8868\u73fe\u3068\u3057\u305f\u3044\u3068\u8a00\u308f\u308c\u308b\u3002\u201c\u81ea\u3089\u3092\u5a92\u4f53\u201d\u3068\u3057\u3066\u4eba\u524d\u306b\u5dee\u3057\u51fa\u3059\u3053\u3068\u3082\u307e\u305f\u3001\u7a7a\u9593\u3068\u306e\u7dca\u5f35\u95a2\u4fc2\u3092\u81ea\u5df1\u306e\u8868\u73fe\u3068\u3059\u308b\u55b6\u307f\u3060\u308d\u3046\u3002\u6728\u4e0b\u3055\u3093\u306e\u76ee\u306f\u3064\u306d\u306b\u7a7a\u9593\u306e\u3055\u3089\u306b\u5411\u3053\u3046\u306b\u3042\u308b\u3082\u306e\u3092\u51dd\u8996\u3057\u3066\u3044\u308b\u3088\u3046\u306b\u601d\u308f\u308c\u308b\u3002\u3068\u304d\u306b\u5996\u3057\u3044\u307e\u3067\u306e\u5f37\u3044\u5149\u3092\u653e\u3064\u305d\u306e\u53cc\u7738\u306b\u3001\u308f\u305f\u3057\u306f\u9b45\u305b\u3089\u308c\u305a\u306b\u306f\u3044\u3089\u308c\u306a\u3044\u3002<br \/>\n<strong>\u4e2d\u592e\u516c\u8ad6\u65b0\u793e\u3000\u7de8\u96c6\u9577\u3000\u5800\u9593 \u5584\u61b2<\/strong><\/p>\n","protected":false},"excerpt":{"rendered":"RECOMMENDS \u3042\u306a\u305f\u306e\u8868\u73fe\u306f\u3001\u624b\u3068\u5fc3\u3068\u7cbe\u795e\u306e\u9593\u306b\u5b58\u5728\u3059\u308b\u7e4a\u7d30\u306a\u7d50\u3073\u3064\u304d\u3092\u7684\u78ba\u306b\u4f1d\u3048\u3066\u3044\u307e\u3059\u3002 \u305d\u306e\u7d50\u3073\u3064\u304d\u3053\u305d\u3001\u79c1\u305f\u3061\u304c\u65e5\u672c\u306e\u82b8\u8853\u306b\u304a\u3044\u3066\u6df1\u304f\u611f\u9298\u3092\u53d7\u3051\u3066\u3044\u308b\u3082\u306e\u306a\u306e\u3067\u3059\u3002 \u65e5\u672c\u306e\u4f1d\u7d71\u3068\u30d5\u30e9\u30f3\u30b9\u306e\u611f\u6027\u304c\u4ea4\u308f\u308b\u3053\u306e [&hellip;]","protected":false},"author":2,"featured_media":0,"parent":0,"menu_order":0,"comment_status":"closed","ping_status":"closed","template":"page-hidetitle.php","meta":{"footnotes":""},"categories":[],"tags":[198],"class_list":["post-23656","page","type-page","status-publish","hentry","tag-recommends"],"yoast_head":"<!-- This site is optimized with the Yoast SEO plugin v27.0 - https:\/\/yoast.com\/product\/yoast-seo-wordpress\/ -->\n<title>\u30ec\u30b3\u30e1\u30f3\u30c9 | \u66f8\u5bb6\uff0f\u66f8\u9053\u5bb6 \u6728\u4e0b\u771f\u7406\u5b50<\/title>\n<meta name=\"description\" content=\"RECOMMENDS \u3042\u306a\u305f\u306e\u8868\u73fe\u306f\u3001\u624b\u3068\u5fc3\u3068\u7cbe\u795e\u306e\u9593\u306b\u5b58\u5728\u3059\u308b\u7e4a\u7d30\u306a\u7d50\u3073\u3064\u304d\u3092\u7684\u78ba\u306b\u4f1d\u3048\u3066\u3044\u307e\u3059\u3002\" \/>\n<meta name=\"robots\" content=\"index, follow, max-snippet:-1, max-image-preview:large, max-video-preview:-1\" \/>\n<link rel=\"canonical\" href=\"https:\/\/kinoshitamariko.com\/blog\/23656-2\/\" \/>\n<meta name=\"twitter:label1\" content=\"\u63a8\u5b9a\u8aad\u307f\u53d6\u308a\u6642\u9593\" \/>\n\t<meta name=\"twitter:data1\" content=\"5\u5206\" \/>\n<script type=\"application\/ld+json\" class=\"yoast-schema-graph\">{\"@context\":\"https:\/\/schema.org\",\"@graph\":[{\"@type\":\"WebPage\",\"@id\":\"https:\/\/kinoshitamariko.com\/blog\/23656-2\/\",\"url\":\"https:\/\/kinoshitamariko.com\/blog\/23656-2\/\",\"name\":\"\u30ec\u30b3\u30e1\u30f3\u30c9 | \u66f8\u5bb6\uff0f\u66f8\u9053\u5bb6 \u6728\u4e0b\u771f\u7406\u5b50\",\"isPartOf\":{\"@id\":\"https:\/\/kinoshitamariko.com\/blog\/#website\"},\"datePublished\":\"2018-12-19T10:49:17+00:00\",\"dateModified\":\"2025-11-12T11:33:58+00:00\",\"description\":\"RECOMMENDS \u3042\u306a\u305f\u306e\u8868\u73fe\u306f\u3001\u624b\u3068\u5fc3\u3068\u7cbe\u795e\u306e\u9593\u306b\u5b58\u5728\u3059\u308b\u7e4a\u7d30\u306a\u7d50\u3073\u3064\u304d\u3092\u7684\u78ba\u306b\u4f1d\u3048\u3066\u3044\u307e\u3059\u3002\",\"breadcrumb\":{\"@id\":\"https:\/\/kinoshitamariko.com\/blog\/23656-2\/#breadcrumb\"},\"inLanguage\":\"ja\",\"potentialAction\":[{\"@type\":\"ReadAction\",\"target\":[\"https:\/\/kinoshitamariko.com\/blog\/23656-2\/\"]}]},{\"@type\":\"BreadcrumbList\",\"@id\":\"https:\/\/kinoshitamariko.com\/blog\/23656-2\/#breadcrumb\",\"itemListElement\":[{\"@type\":\"ListItem\",\"position\":1,\"name\":\"\u30db\u30fc\u30e0\",\"item\":\"https:\/\/kinoshitamariko.com\/blog\/\"},{\"@type\":\"ListItem\",\"position\":2,\"name\":\"\u30ec\u30b3\u30e1\u30f3\u30c9\"}]},{\"@type\":\"WebSite\",\"@id\":\"https:\/\/kinoshitamariko.com\/blog\/#website\",\"url\":\"https:\/\/kinoshitamariko.com\/blog\/\",\"name\":\"\u66f8\u5bb6\uff0f\u66f8\u9053\u5bb6 \u6728\u4e0b\u771f\u7406\u5b50\",\"description\":\"\u66f8\u5bb6\/\u66f8\u9053\u5bb6 \u6728\u4e0b\u771f\u7406\u5b50\u306e\u516c\u5f0f\u30b5\u30a4\u30c8\u3002\u4e2d\u56fd\u53ca\u3073\u65e5\u672c\u53e4\u6765\u306e\u4f1d\u7d71\u6587\u5316\u3068\u3057\u3066\u306e\u66f8\u9053\u3092\u63a2\u6c42\u3002\u984c\u5b57\u306b\u300c\u8a95\u751f\uff01\u4e2d\u56fd\u6587\u660e\u5c55\u300d\u300c\u6b63\u5009\u9662\u5c55\u300d\u300c\u5229\u4f11\u306b\u305f\u305a\u306d\u3088\u300d\u7c73\u30a2\u30ab\u30c7\u30df\u30fc\u8cde\u30ce\u30df\u30cd\u30fc\u30c8\u300c\u4e5d\u5341\u4e5d\u300dNHK\u300c\u6fc0\u6d41\u300d\u300c\u5de8\u9f8d\u4e2d\u56fd\u300d\u7b49\u3002\u4e16\u754c\u5404\u5730\u3067\u30ef\u30fc\u30af\u30b7\u30e7\u30c3\u30d7\u3092\u958b\u50ac\u3002\",\"potentialAction\":[{\"@type\":\"SearchAction\",\"target\":{\"@type\":\"EntryPoint\",\"urlTemplate\":\"https:\/\/kinoshitamariko.com\/blog\/?s={search_term_string}\"},\"query-input\":{\"@type\":\"PropertyValueSpecification\",\"valueRequired\":true,\"valueName\":\"search_term_string\"}}],\"inLanguage\":\"ja\"}]}<\/script>\n<!-- \/ Yoast SEO plugin. -->","yoast_head_json":{"title":"\u30ec\u30b3\u30e1\u30f3\u30c9 | \u66f8\u5bb6\uff0f\u66f8\u9053\u5bb6 \u6728\u4e0b\u771f\u7406\u5b50","description":"RECOMMENDS \u3042\u306a\u305f\u306e\u8868\u73fe\u306f\u3001\u624b\u3068\u5fc3\u3068\u7cbe\u795e\u306e\u9593\u306b\u5b58\u5728\u3059\u308b\u7e4a\u7d30\u306a\u7d50\u3073\u3064\u304d\u3092\u7684\u78ba\u306b\u4f1d\u3048\u3066\u3044\u307e\u3059\u3002","robots":{"index":"index","follow":"follow","max-snippet":"max-snippet:-1","max-image-preview":"max-image-preview:large","max-video-preview":"max-video-preview:-1"},"canonical":"https:\/\/kinoshitamariko.com\/blog\/23656-2\/","twitter_misc":{"\u63a8\u5b9a\u8aad\u307f\u53d6\u308a\u6642\u9593":"5\u5206"},"schema":{"@context":"https:\/\/schema.org","@graph":[{"@type":"WebPage","@id":"https:\/\/kinoshitamariko.com\/blog\/23656-2\/","url":"https:\/\/kinoshitamariko.com\/blog\/23656-2\/","name":"\u30ec\u30b3\u30e1\u30f3\u30c9 | \u66f8\u5bb6\uff0f\u66f8\u9053\u5bb6 \u6728\u4e0b\u771f\u7406\u5b50","isPartOf":{"@id":"https:\/\/kinoshitamariko.com\/blog\/#website"},"datePublished":"2018-12-19T10:49:17+00:00","dateModified":"2025-11-12T11:33:58+00:00","description":"RECOMMENDS \u3042\u306a\u305f\u306e\u8868\u73fe\u306f\u3001\u624b\u3068\u5fc3\u3068\u7cbe\u795e\u306e\u9593\u306b\u5b58\u5728\u3059\u308b\u7e4a\u7d30\u306a\u7d50\u3073\u3064\u304d\u3092\u7684\u78ba\u306b\u4f1d\u3048\u3066\u3044\u307e\u3059\u3002","breadcrumb":{"@id":"https:\/\/kinoshitamariko.com\/blog\/23656-2\/#breadcrumb"},"inLanguage":"ja","potentialAction":[{"@type":"ReadAction","target":["https:\/\/kinoshitamariko.com\/blog\/23656-2\/"]}]},{"@type":"BreadcrumbList","@id":"https:\/\/kinoshitamariko.com\/blog\/23656-2\/#breadcrumb","itemListElement":[{"@type":"ListItem","position":1,"name":"\u30db\u30fc\u30e0","item":"https:\/\/kinoshitamariko.com\/blog\/"},{"@type":"ListItem","position":2,"name":"\u30ec\u30b3\u30e1\u30f3\u30c9"}]},{"@type":"WebSite","@id":"https:\/\/kinoshitamariko.com\/blog\/#website","url":"https:\/\/kinoshitamariko.com\/blog\/","name":"\u66f8\u5bb6\uff0f\u66f8\u9053\u5bb6 \u6728\u4e0b\u771f\u7406\u5b50","description":"\u66f8\u5bb6\/\u66f8\u9053\u5bb6 \u6728\u4e0b\u771f\u7406\u5b50\u306e\u516c\u5f0f\u30b5\u30a4\u30c8\u3002\u4e2d\u56fd\u53ca\u3073\u65e5\u672c\u53e4\u6765\u306e\u4f1d\u7d71\u6587\u5316\u3068\u3057\u3066\u306e\u66f8\u9053\u3092\u63a2\u6c42\u3002\u984c\u5b57\u306b\u300c\u8a95\u751f\uff01\u4e2d\u56fd\u6587\u660e\u5c55\u300d\u300c\u6b63\u5009\u9662\u5c55\u300d\u300c\u5229\u4f11\u306b\u305f\u305a\u306d\u3088\u300d\u7c73\u30a2\u30ab\u30c7\u30df\u30fc\u8cde\u30ce\u30df\u30cd\u30fc\u30c8\u300c\u4e5d\u5341\u4e5d\u300dNHK\u300c\u6fc0\u6d41\u300d\u300c\u5de8\u9f8d\u4e2d\u56fd\u300d\u7b49\u3002\u4e16\u754c\u5404\u5730\u3067\u30ef\u30fc\u30af\u30b7\u30e7\u30c3\u30d7\u3092\u958b\u50ac\u3002","potentialAction":[{"@type":"SearchAction","target":{"@type":"EntryPoint","urlTemplate":"https:\/\/kinoshitamariko.com\/blog\/?s={search_term_string}"},"query-input":{"@type":"PropertyValueSpecification","valueRequired":true,"valueName":"search_term_string"}}],"inLanguage":"ja"}]}},"_links":{"self":[{"href":"https:\/\/kinoshitamariko.com\/blog\/wp-json\/wp\/v2\/pages\/23656","targetHints":{"allow":["GET"]}}],"collection":[{"href":"https:\/\/kinoshitamariko.com\/blog\/wp-json\/wp\/v2\/pages"}],"about":[{"href":"https:\/\/kinoshitamariko.com\/blog\/wp-json\/wp\/v2\/types\/page"}],"author":[{"embeddable":true,"href":"https:\/\/kinoshitamariko.com\/blog\/wp-json\/wp\/v2\/users\/2"}],"replies":[{"embeddable":true,"href":"https:\/\/kinoshitamariko.com\/blog\/wp-json\/wp\/v2\/comments?post=23656"}],"version-history":[{"count":24,"href":"https:\/\/kinoshitamariko.com\/blog\/wp-json\/wp\/v2\/pages\/23656\/revisions"}],"predecessor-version":[{"id":37298,"href":"https:\/\/kinoshitamariko.com\/blog\/wp-json\/wp\/v2\/pages\/23656\/revisions\/37298"}],"wp:attachment":[{"href":"https:\/\/kinoshitamariko.com\/blog\/wp-json\/wp\/v2\/media?parent=23656"}],"wp:term":[{"taxonomy":"category","embeddable":true,"href":"https:\/\/kinoshitamariko.com\/blog\/wp-json\/wp\/v2\/categories?post=23656"},{"taxonomy":"post_tag","embeddable":true,"href":"https:\/\/kinoshitamariko.com\/blog\/wp-json\/wp\/v2\/tags?post=23656"}],"curies":[{"name":"wp","href":"https:\/\/api.w.org\/{rel}","templated":true}]}}